2?
-4178
In base 10, what is 141 + -3?
138
In base 2, what is -100 + -1000000001?
-1000000101
In base 6, what is 4 + -1253?
-1245
In base 6, what is -440 - 0?
-440
In base 8, what is -3150 + 2?
-3146
In base 15, what is 5 + -172?
-16c
In base 5, what is 11 - -12431?
12442
In base 7, what is 6 + -1455?
-1446
In base 16, what is -36 + 1a?
-1c
In base 12, what is 10 + 32?
42
In base 6, what is 50411 - 3?
50404
In base 10, what is 1 - 51?
-50
In base 7, what is -4 - -250?
243
In base 16, what is -4 - -b5?
b1
In base 5, what is -210 - -122?
-33
In base 13, what is -24 + -3?
-27
In base 3, what is -12 - -2221?
2202
In base 13, what is -4 + 73?
6c
In base 10, what is 168 - 2?
166
In base 11, what is 5 + 12?
17
In base 11, what is -4 + -132?
-136
In base 8, what is -24005 - -3?
-24002
In base 3, what is 12021 - 11?
12010
In base 11, what is 83 + -8?
76
In base 10, what is -4 + 39?
35
In base 2, what is 101101 + 1101?
111010
In base 10, what is 37 - -34?
71
In base 15, what is 2 + -ac?
-aa
In base 2, what is -10101 - -1001?
-1100
In base 16, what is -2 - -acd?
acb
In base 11, what is -1 - -18?
17
In base 7, what is 4001 - 0?
4001
In base 6, what is 2 - -5344?
5350
In base 9, what is 1 - -11?
12
In base 16, what is -1ba + 0?
-1ba
In base 13, what is -46b - 5?
-473
In base 7, what is -502 + 3?
-466
In base 16, what is -5 - 8f?
-94
In base 5, what is 1111 + -3?
1103
In base 8, what is 24 - 23?
1
In base 13, what is -7824 - -5?
-781c
In base 11, what is -523 + 3?
-520
In base 2, what is 1011011110000 - -11?
1011011110011
In base 12, what is -6 + 79?
73
In base 3, what is 11 - 20?
-2
In base 10, what is -3 - -512?
509
In base 13, what is 183 + 5?
188
In base 7, what is 14314 - -2?
14316
In base 2, what is -101 + -10111111?
-11000100
In base 7, what is -1 + -4504?
-4505
In base 4, what is -22 + -11?
-33
In base 11, what is 8062 - -1?
8063
In base 6, what is 24 - 152?
-124
In base 12, what is -10 + -2a4?
-2b4
In base 8, what is -1375 + 1?
-1374
In base 16, what is 295b + 2?
295d
In base 3, what is 12 - 1?
11
In base 16, what is -3d + -39?
-76
In base 6, what is -3 + 5424?
5421
In base 14, what is -5 + 5?
0
In base 6, what is 10 + 32?
42
In base 15, what is e56 - 8?
e4d
In base 6, what is 4 + -344?
-340
In base 13, what is 4 + -14?
-10
In base 10, what is -10 - 272?
-282
In base 6, what is -3 + -2351?
-2354
In base 6, what is 3232 + -22?
3210
In base 9, what is 11 - 8?
2
In base 8, what is 50214 - 2?
50212
In base 6, what is -133 + 4?
-125
In base 4, what is 123110 + -3?
123101
In base 12, what is 141 - 5?
138
In base 10, what is -55 - -11?
-44
In base 11, what is 196 - 5?
191
In base 14, what is -3d + 1a?
-23
In base 2, what is 1 + 10100100011?
10100100100
In base 2, what is -1010010 + 1001001?
-1001
In base 14, what is -29 + -10d?
-138
In base 7, what is 22005 + 6?
22014
In base 6, what is 1 - 4333?
-4332
In base 12, what is -20 - -6aa?
68a
In base 16, what is -db + -3?
-de
In base 11, what is 4 + 977?
980
In base 14, what is -15 + 9?
-a
In base 10, what is -418 + 3?
-415
In base 4, what is -1 - 1200?
-1201
In base 14, what is -3 - 2a2?
-2a5
In base 9, what is -47 - 21?
-68
In base 8, what is -24 + -55?
-101
In base 13, what is 5b8 + 2?
5ba
In base 3, what is 2 - 10210201?
-10210122
In base 4, what is -3133 + -2?
-3201
In base 16, what is 3 + 1c?
1f
In base 13, what is 0 + 27a?
27a
In base 6, what is -4 - 1144?
-1152
In base 7, what is -11 + 30?
16
In base 12, what is -2b10 + 5?
-2b07
In base 7, what is -5 + 6615?
6610
In base 15, what is -3 - -2e?
2b
In base 7, what is -50 - -4?
-43
In base 4, what is 231023 - 0?
231023
In base 8, what is -21 + -714?
-735
In base 6, what is -14201 + -4?
-14205
In base 10, what is -1475 - 2?
-1477
In base 11, what is -13 + 8?
-6
In base 7, what is 631 - 5?
623
In base 3, what is -11122202 + 10?
-11122122
In base 3, what is -2 - 1112021?
-1112100
In base 15, what is 7 - -2c?
34
In base 10, what is -30 - -65?
35
In base 2, what is -100 - -1111011101?
1111011001
In base 11, what is -4 + -151?
-155
In base 9, what is 5 + 17?
23
In base 11, what is -90a + -2?
-911
In base 9, what is -1 - -1827?
1826
In base 13, what is 9 - c2?
-b6
In base 6, what is 531 - 5?
522
In base 11, what is 2 + -15?
-13
In base 2, what is 110101110110 + 11?
110101111001
In base 12, what is 6 - -96?
a0
In base 15, what is -5b + 8?
-53
In base 5, what is 203 - -143?
401
In base 10, what is 583 - 7?
576
In base 9, what is 5 - 764?
-758
In base 12, what is -8ab - 5?
-8b4
In base 7, what is 3 - -120?
123
In base 3, what is 0 - 100222?
-100222
In base 7, what is 105 + 2?
110
In base 3, what is 2011 - -102?
2120
In base 8, what is -630 + 1?
-627
In base 6, what is 0 - 210?
-210
In base 9, what is -100 + 0?
-100
In base 5, what is 10 + -13?
-3
In base 3, what is 20 - 2002?
-1212
In base 6, what is -24 - -21?
-3
In base 9, what is -161 - 55?
-226
In base 6, what is -122 - -10?
-112
In base 10, what is -2 + -81?
-83
In base 4, what is -11310 - -13?
-11231
In base 13, what is a + -760?
-753
In base 4, what is -321 - -10003?
3022
In base 5, what is 2 + -124113?
-124111
In base 13, what is 17 + 8?
22
In base 14, what is 3 - 1443?
-1440
In base 4, what is 333 + -1013?
-20
In base 11, what is 56 + 37?
92
In base 7, what is 0 - 36?
-36
In base 11, what is -60 + -14?
-74
In base 3, what is -12 + -220221?
-221010
In base 12, what is -20 - 7?
-27
In base 8, what is 2 + -16165?
-16163
In base 6, what is 114 - 111?
3
In base 3, what is 220200 + 10?
220210
In base 5, what is 3 + 1000?
1003
In base 14, what is 55b - 2?
559
In base 7, what is 214 - -6?
223
In base 4, what is 2031 - -3?
2100
In base 6, what is -45 + -22?
-111
In base 13, what is -1758 + -1?
-1759
In base 3, what is -10020 - -21?
-2222
In base 16, what is -4 + -d?
-11
In base 4, what is -223 + -1221?
-2110
In base 16, what is -2 - -161?
15f
In base 15, what is e - 12a?
-11b
In base 11, what is -10 + -32?
-42
In base 2, what is -110 - 1000110?
-1001100
In base 14, what is -5c + -3c?
-9a
In base 6, what is -20 - 54?
-114
In base 10, what is 160 - 9?
151
In base 13, what is -98 - 0?
-98
In base 10, what is 4 + -123?
-119
In base 8, what is -60 - 7?
-67
In base 3, what is 21 + -1221120?
-1221022
In base 8, what is 0 + 10301?
10301
In base 8, what is 16 + 25?
43
In base 6, what is -2350 - 0?
-2350
In base 4, what is 13300 + -1?
13233
In base 6, what is -14043 - -3?
-14040
In base 12, what is -52 - -10?
-42
In base 14, what is -317 - 0?
-317
In base 5, what is -3 - 2313?
-2321
In base 14, what is -3104 + 4?
-3100
In base 15, what is -2 + -767?
-769
In base 8, what is -146 - 5?
-153
In base 4, what is -11 - 232?
-303
In base 10, what is 3 - 868?
-865
In base 10, what is 23 + -9?
14
In base 8, what is -2512 + -4?
-2516
In base 7, what is -1333 - -6?
-1324
In base 6, what is 112554 + -5?
112545
In base 15, what is 370 - -5?
375
In base 9, what is 6 - 1640?
-1633
In base 15, what is -1 + b28?
b27
In base 4, what is -121 + -3?
-130
In base 16, what is 4 + 42?
46
In base 7, what is 115 + -5?
110
In base 15, what is -1a - 162?
-17c
In base 4, what is 11 - -333201?
333212
In base 6, what is -12 + -1?
-13
In base 5, what is 4 - 1111?
-1102
In base 12, what is b - -ba4?
bb3
In base 7, what is -55515 + -2?
-55520
In base 4, what is 1 - 3100?
-3033
In base 13, what is 68 + -2?
66
In base 14, what is -1a8 - 14?
-1bc
In base 15, what is -5 + 59?
54
In base 5, what is 4 - 214022?
-214013
In base 12, what is 1b + -3?
18
In base 12, what is 10b6 + -2?
10b4
In base 4, what is 0 + 331?
331
In base 5, what is 2214 + 0?
2214
In base 9, what is 4 + 103?
107
In base 5, what is 22 + 323?
400
In base 13, what is 0 + 12b4?
12b4
In base 3, what is -122122 + -20?
-122212
In base 5, what is 2300 - -3?
2303
In base 10, what is 62 - -2?
64
In base 7, what is 10020 + 4?
10024
In base 15, what is 9e - -6c?
11b
In base 6, what is -121 - 155?
-320
In base 7, what is -4 + -145?
-152
In base 8, what is -150 + -141?
-311
In base 8, what is 173 + 4?
177
In base 3, what is -10 - -1102?
1022
In base 2, what is 10010 + -11?
1111
In base 4, what is 212223 + -10?
212213
In base 12, what is 2a4 + -4?
2a0
In base 9, what is -3 - -715?
712
In base 10, what is 3 - -176?
179
In base 9, what is 22 + -2?
20
In base 12, what is -10 - 188?
-198
In base 14, what is 1 